 4. Calculate i(x).
23
Let v(q) be the second derivative of -q**4/12 - q**3 - 3*q**2 + 2*q. Let z = 18 + -23. Give v(z).
-1
Suppose 5*i - 84 = 19*i. Let d(a) = 3*a + 8. Determine d(i).
-10
Let u(r) = -24*r - 138. Let l be u(-6). Let j(c) be the third derivative of c**6/120 - 7*c**5/60 + c**4/12 + 4*c**3/3 + c**2. Calculate j(l).
-16
Let a(j) = -36*j - 367. Let d be a(-10). Let m(p) = -2*p**2 - 14*p - 3. Determine m(d).
-3
Let b = 45 - 41. Let d(r) = r**2 - 6*r + 8. Determine d(b).
0
Let g(a) = a**3 + 8*a**2 - a - 6. Let u be g(-8). Let x(t) = -5 - 2*t**3 - 2*t + 4*t**3 - t**3 + 3*t**u. What is x(-4)?
-13
Let k = 8358 + -8360. Let d(x) = -7*x + 11. Let t(h) = 2*h - 4. Let a(p) = 3*d(p) + 8*t(p). Calculate a(k).
11
Let w(t) be the third derivative of -t**6/120 - t**5/12 + 5*t**4/24 - 4*t**3/3 + 13*t**2. Let v be (-23)/7 + (-14)/(-49). Let o be (2 - (1 + 4)) + v. Give w(o).
-2
Let z(o) = 2*o - 7. Let v(n) be the second derivative of n**5/20 - 7*n**4/12 + n**3 + 5*n**2/2 + 6*n. Let h be v(6). Determine z(h).
3
Let n(j) = j**2 + 9*j + 3. Suppose 0 = -3*t - a - 20, -5*t - 2*a = -9*t - 40. What is n(t)?
-5
Let g be (-6)/((2/4)/((-1)/4)). Let u(o) = -g*o**3 - o + 2*o**2 + 3*o + 4*o**3 - 3*o. Determine u(1).
2
Let t be (14/4 + -1)*2. Let q(w) = 4*w**2 + w + 5. Let o(z) = z**2 - z + 1. Let f be 64/14 + 6 + 78/(-14). Let r(d) = f*o(d) - q(d). Determine r(t).
-5
Let o(u) = 22*u - 141. Let t be o(7). Let a(p) = -p**3 + 14*p**2 - 15*p + 11. Determine a(t).
-15
Suppose 2*u - 24 = -2*u. Let q be (-3)/18 + 61/u. Let b(z) = -2*z + 12. Calculate b(q).
-8
Let v(g) = -9*g + 3. Let q(j) = -14*j**2 - 21*j + 7. Let z be q(-2). Give v(z).
66
Let k = -17 + 22. Let j(y) = 7*y - 5. Let r(h) = -22*h + 16. Let w(p) = k*r(p) + 16*j(p). What is w(-1)?
-2
Let j be (-4)/(-10) - 3/(-5). Let u(v) be the third derivative of v**6/120 - v**3/6 + 209*v**2 + 2. Determine u(j).
0
Suppose 0 = 3*j - 3*b + 27 - 9, 5*b = -2*j + 23. Let h(t) = -10 + 1521*t**3 - 1522*t**3 + 9 - 2*t. Determine h(j).
2
Let z = 0 - -2. Let w(h) = 2*h**3 + 6*h**2 + 1. Let o(y) = -2*y**3 - 5*y**2 - 1. Let f(a) = -6*o(a) - 5*w(a). Give f(z).
17
Suppose -5*z - 38*m = -39*m - 53, -5*z - 5*m + 65 = 0. Let r(n) = n - 12. Determine r(z).
-1
Suppose 0 = 9*i + 5*i + 28. Let j(v) = -2*v**3 - 6*v**2 - 2*v + 5. Let k(t) = -t**3 - 3*t**2 - t + 3. Let b(h) = 4*j(h) - 7*k(h). What is b(i)?
-3
Let p(r) = -r**3 + 5*r**2 + 5*r + 1. Let i be ((-525)/(-70))/((-12)/(-8)). Calculate p(i).
26
Let y(l) = -l**2 + 2. Let k(w) = -w**2 + 17*w - 10. Let o be k(16). Let p = o - 2. Suppose -2 = -2*n + 2*g, -2*g + p = 4*n + 18. Determine y(n).
-2
Let l(o) = o**3 + 7*o**2 + 2*o - 3. Let s(m) = 2*m**2 + 38*m - 90. Let x be s(-21). Determine l(x).
21
Let i(g) = 5*g**3 + 41*g**2 + 9*g - 31. Let l(k) = -k**3 - 10*k**2 - 2*k + 8. Let d(x) = 2*i(x) + 9*l(x). Let s = -30 + 38. Calculate d(s).
10
Let k(r) = r**2 + 32*r - 153. Let d be k(-36). Let i(n) = n**3 + 10*n**2 + 12*n + 6. Calculate i(d).
-21
Let l(t) = 2*t**2 + 3*t + 1. Let o be 2 + -4 - (-3 - -30). Let u = 27 + o. Give l(u).
3
Suppose 0 = -226*t + 220*t + 30. Let v(q) = -2*q**3 + 6*q**2 + 6*q. Determine v(t).
-70
Let g be 2 + 1/(-1) - -26. Suppose 2*b - 5*n - g = 0, -2*n - 7 = -2*b - n. Let m(z) = 1 - 6*z**2 + 0 - z + 17*z**2. Calculate m(b).
11
Let r(f) be the second derivative of f**4/6 + f**3/3 + f**2 - 9*f. Let n be r(-2). Let c(x) = x**2 + 133 - 136 + 0*x**2 + n*x. Calculate c(-6).
-3
Let c(u) = -2*u**2 + 18*u - 18. Let b be c(8). Let k be (2/4)/((-2)/(-48)). Let n be b/8 + 3/k. Let f(g) = g**3 + g**2 + 5. Calculate f(n).
5
Let g(z) = z**3 - 6*z**2 + 4*z + 4. Let d be ((2 - 0) + -1)*4. Let k be 3/d + (-6)/8. Let n be 4 - (3 - 4 - k). Give g(n).
-1
Let r = -8 + 5. Let f(h) = 0*h + 3 - 2 + 4*h - 5*h. Let y be f(r). Let k(x) = 2*x**2 - 5*x. Give k(y).
12
Suppose -4*r + 13 + 7 = 0. Suppose -31 = b + 3*b + r*k, 0 = b - 5*k - 11. Let c(z) = -14*z - 6. Let m(q) = 12*q + 5. Let u(l) = 5*c(l) + 6*m(l). What is u(b)?
-8
Let w(p) be the third derivative of -p**6/120 - 11*p**5/30 - 5*p**4/6 + 29*p**3/6 + 3*p**2 - 23. Determine w(-21).
8
Let c = -18 - -30. Suppose -9*i + c = -6*i. Let t(x) be the second derivative of -x**4/12 + x**3/3 + x**2 + 12*x. Calculate t(i).
-6
Suppose 4*t = -0 - 40. Let g(f) be the third derivative of -f**4/24 - 8*f**3/3 - 44*f**2 - 2*f. Determine g(t).
-6
Let l(u) = 20*u + 94. Let o(v) = 7*v + 35. Let t(i) = -3*l(i) + 8*o(i). Give t(-1).
2
Let m be (52/(-16) + 3)/((-4)/(-16)). Let q(b) = 9*b + 2. Give q(m).
-7
Let v(r) = 2*r - 6. Let s be v(4). Let h(l) = l**2 - l - 3. Let p(f) = -11*f**2 + 9*f + 17. Let t(k) = -6*h(k) - p(k). Give t(s).
15
Suppose 4*g = 5*t, 4*g = -3*t + 4*t. Let i(r) = 2*r + t + 4 + 0. Determine i(-5).
-6
Let a(g) = -g**3 - 4*g**2 + 6*g + 2. Let r be (-11 - -2)/((-5)/10). Let n = r + -16. Let o = n - 7. What is a(o)?
-3
Let s be 12/(-2) + 2 + 0. Let b be (40/(-16))/((-2)/s). Let n(k) = -2*k - 6. Determine n(b).
4
Let u = 4 - -14. Suppose -u = -s + 2. Suppose a + 4*a + s = 0. Let z(n) = -n**2 - 3*n + 3. Calculate z(a).
-1
Let j(h) = -43*h**2 + 5*h + 35. Let a(t) = 15*t**2 - 2*t - 12. Let f(w) = 17*a(w) + 6*j(w). What is f(-5)?
-49
Let n(x) be the third derivative of -x**4/8 + 6*x**2 + 4. Determine n(2).
-6
Let y(w) = w**2 + 1. Let h be y(2). Let x(g) = 24*g - 8*g - h*g + 2. Calculate x(-2).
-20
Let p(h) be the second derivative of -2/3*h**3 + 14*h + 0 - 1/2*h**2 + 1/12*h**4. Give p(4).
-1
Let d(q) be the third derivative of q**5/60 - q**4/6 - 2*q**3/3 + 2*q**2. Suppose -8 = 3*h + h, 4*v + 4*h = 12. Suppose 5 = v*w - 25. Give d(w).
8
Let g(q) = q**3 - 3*q**2 - 4*q + 3. Let f(h) = 2*h**2 + 12*h - 1. Suppose 6*l + 0*l = -30. Let t be f(l). Let m = t + 13. Give g(m).
-9
Let f(c) = c + 3. Let x(a) = a**3 + a**2 - 7*a - 8. Let p be x(-3). Give f(p).
-2
Let a(v) = v**3. Let x(l) = -4*l**3 + 2*l**2 - 3*l - 3. Suppose 8 = -3*y - 28. Let z be (-3 - 51/y)*4. Let i(g) = z*a(g) + x(g). Give i(-2).
3
Let r = 2529 - 2532. Let t(u) = 4 + 2*u - u**2 - 2*u. Determine t(r).
-5
Suppose -3*s - 4*j + 3 = 47, 3*j = -3*s - 45. Let n(h) = h**3 + 15*h**2 - 18*h - 22. Give n(s).
10
Let x(f) = -f + 1. Let o be x(0). Let p(l) = 8*l**2 + 11*l - l**3 + 5*l**2 - o - 23*l**2. Give p(-11).
-1
Let c(n) = 8*n + 17. Suppose 38*l - 37*l - f = -8, 2*l + 11 = f. What is c(l)?
-7
Let p = -181 + 174. Let h(l) = l**2 + 10*l + 16. Give h(p).
-5
Let k(t) = 16*t**2 + 10*t - 35. Let y(x) = 9*x**2 + 5*x - 19. Let z(m) = 4*k(m) - 7*y(m). Suppose -r - 2 = -p - 0, -4*p - 12 = 0. Give z(r).
-7
Let j(l) = -l**2 + l + 41. Suppose 61*n - 12*n = 0. What is j(n)?
41
Let h(l) = 1 - l**3 - 54*l**2 + 112*l**2 - 54*l**2. What is h(3)?
10
Let w(j) = 2*j - 2. Let m be w(2). Let l(d) = d**2 + 5 + 14*d**3 + m*d + 14*d**3 - d - 27*d**3. Give l(0).
5
Suppose 16*c = -29 + 125. Let h(d) = d + 1. Let v(r) be the third derivative of r**4/12 + 5*r**3/6 - 2*r**2. Let b(t) = c*h(t) - v(t). What is b(3)?
13
Let d(w) = -4*w + 1. Let b be d(1). Let t = b + 0. Let c(l) = -3*l. Give c(t).
9
Let d(n) be the second derivative of -n**4/12 - 5*n**3/3 + 2*n**2 + n - 3. What is d(-10)?
4
Let s = 1 + -2. Let x be (-5)/s - (6 - 4). Let p(v) = 4*v**2 + 3*v + 1. Let q(f) = -3*f**2 - f - 2. Let w(n) = 2*p(n) + 3*q(n). What is w(x)?
-4
Let h(o) be the second derivative of -4*o + 1/2*o**3 + 0 + o**2 + 1/15*o**5 + 1/6*o**4. Let b(j) be the first derivative of h(j). Give b(-2).
11
Let i(k) = k + 5. Suppose -4*d = -a - 0*d - 27, 9 = a + 5*d. Let y = 5 + a. Calculate i(y).
-1
Suppose -5*q + 16 = -q, 3*g - 108 = -3*q. Let u(f) = g*f + 33*f - 4 - 66*f. What is u(-3)?
-1
Let m(v) be the second derivative of v**5/20 - 7*v**4/12 - 5*v**2/2 - 3*v + 16. Give m(7).
-5
Let t(v) = -7*v**2 + 5*v + 23. Let j(i) = i**2 + i - 2. Let a(z) = -6*j(z) - t(z). Determine a(10).
-21
Let o be 11*(2 + -2 - 2 - -8). Let x = o - 60. Let t(l) be the first derivative of l**3/3 - 5*l**2/2 - 3*l - 1. Calculate t(x).
3
Let s(v) = 628*v - 6. Let f be s(0). Let b(g) = -4*g**3 - 7*g**2 + 5*g**3 - 7 - 8*g - 2*g**3. Determine b(f).
5
Let f be 24/(-132) + 4/22. Suppose f = 3*a + 22 + 17. Let j be (-13)/a*0/2. Let t(v) = v**2 - v - 1. Calculate t(j).
-1
Let u be (-18)/(-7) + (-9)/(-21). Let v(o) = -6*o + 5*o + 13 - u. Give v(6).
4
Let r(l) = 5*l**3 + 10*l**2 - 15*l - 9. Let t(f) = 4